divided by c.
6
Suppose 0 = 4*t + 5 - 101. Suppose 3*j - t = 105. Suppose -f + 60 = 3*f. Calculate the remainder when j is divided by f.
13
Let w(x) = -x**3 - 4*x**2 - 5*x - 4. Let u be w(-3). Suppose u = -3*d + 11. What is the remainder when 6 is divided by d?
0
Suppose -4*x + 92 = -4. What is the remainder when 141 is divided by x?
21
Suppose 2*h + 4*n - 47 = 29, -4*n + 202 = 5*h. Suppose 3*w = -5*f + w + 117, -2*f + 4*w + h = 0. Calculate the remainder when f is divided by 8.
7
Suppose 3*t - 17 = -4*v - 6, -3*v + 1 = -5*t. Suppose 0 = -8*l + 4*l + 52. Calculate the remainder when t - (-35 + 4/(-2)) is divided by l.
12
Let x = 25 - 8. What is the remainder when 64 is divided by x?
13
What is the remainder when 16 is divided by (-106)/(-12) - (2 + (-13)/6)?
7
Let h be (-2 - -3)/((-2)/38). Let f = h - -43. Calculate the remainder when f is divided by 9.
6
Suppose 23 = 2*d + 5*g, 4*d - 73 = -g - 0*g. Let h(q) = q**2 + 2*q. Let o be h(-7). Suppose 4*y - o = -y. What is the remainder when d is divided by y?
5
Suppose -177 = 3*k - 3*y, 2*k - 3*y = -149 + 29. Let n = 36 - 69. Let b = n - k. Calculate the remainder when b is divided by 13.
11
Suppose 0 = 3*h + 4*y - 11 + 3, -28 = -4*h - y. Suppose 8 + 4 = 4*p. Calculate the remainder when (h/(-5))/((-2)/10) is divided by p.
2
Let q = 188 + -134. Let l(v) = 6*v - 11. What is the remainder when q is divided by l(5)?
16
Suppose 3*f + 42 = 6*f. What is the remainder when 39 is divided by f?
11
Suppose -5*x - 35 = -5*g, -4*g - 2 = -3*g + 2*x. Suppose -i = -1 - 9. Calculate the remainder when (2/g)/(4/144) is divided by i.
8
Suppose -10 = -5*r, -4*n - 13 = -2*r - 57. Let j(m) be the first derivative of -23*m**4/4 - m - 3. What is the remainder when j(-1) is divided by n?
10
Let w = 8 + -8. Calculate the remainder when 38 is divided by (-5 - w - -3) + 22.
18
Let u(l) = 2*l + 26. Calculate the remainder when ((-4)/(-5))/((-4)/(-110)) is divided by u(-7).
10
Suppose 3*m = -2*m + 50. Let a(b) = -4*b**3 + 2*b - 1. Let h be a(1). What is the remainder when 1/(-3) + (-55)/h is divided by m?
8
Let s = 51 + -16. Let z = 22 + -13. What is the remainder when s is divided by z?
8
Let l = -4 + 6. Suppose 3*a - 2*c = 2*c + 122, l*a - 83 = 3*c. Suppose -a = 3*b - 4*b. What is the remainder when b is divided by 18?
16
Suppose -20 = -5*w, -3*i + 4*w - 5 + 1 = 0. Let p(r) = -r**2 + 4*r + 2. Calculate the remainder when p(i) is divided by 20/12 + (-2)/3.
0
Suppose 4*t + 5*y + 25 = 0, -2*y - 1 = 9. Suppose 18 = 3*c + 2*k, k = 5*c - t*c - 43. Let b(z) = -14*z. Calculate the remainder when b(-1) is divided by c.
6
Let y(l) = l**2 + 3*l + 5. Suppose -z - 80 = -5*h, 0 = -2*h - 3*z + 21 + 28. What is the remainder when h is divided by y(-4)?
8
Let n = 22 + -14. Let v = 9 + -3. What is the remainder when n is divided by v?
2
What is the remainder when (12/7)/(12/42) is divided by 5?
1
Suppose -5*f + f + 4 = 0. Let m(o) = -o**3 - 14*o**2 - o - 12. Calculate the remainder when m(-14) is divided by f.
0
Let d be 1/2*(-10)/(-5). Let z be d/(-2) + 335/10. Suppose z = 3*a + 3*m, 65 = 5*a - 4*m + 10. What is the remainder when a is divided by 3?
2
Let i be 0*(5/3)/(-5). Let g = 11 + i. What is the remainder when g is divided by 3?
2
Let b be (-12)/1*(-42)/18. What is the remainder when 31/2 - (-14)/b is divided by 9?
7
Calculate the remainder when 11 is divided by (-4)/(-2) + (-60)/(-15).
5
Let i = -4 + -2. Let g = i + 11. Let h(w) = w**3 + 4*w**2 + w + 2. What is the remainder when h(-2) is divided by g?
3
Suppose 0 = -4*d + 313 + 207. What is the remainder when d is divided by 33?
31
Suppose 2*r + 103 = 3*r. Calculate the remainder when r is divided by 35.
33
Let w = 12 + 6. What is the remainder when 34 is divided by w?
16
Let d(i) = 2*i - 12. Calculate the remainder when d(8) is divided by 2.
0
Let h = 22 - 9. Suppose 4*b = 51 + h. What is the remainder when 45 is divided by b?
13
Suppose 0*h + h = 8. Let s be (18/(-12))/((-6)/h). Suppose -s*r - r - 5*p + 9 = 0, -43 = -5*r + p. Calculate the remainder when 15 is divided by r.
7
Let k(a) = -7*a - 7. Let n be k(3). Let d = n + 42. Calculate the remainder when d is divided by 4.
2
Let y = 580 - 550. Suppose 98 = 4*v - 254. What is the remainder when v is divided by y?
28
Suppose t - 41 = -4*z, 2 = -2*t - 4. Let s = 247 - 205. What is the remainder when s is divided by z?
9
Let p be ((-12)/(-10))/((-6)/20). Let v(d) = -8*d - 2. Let u be v(p). Suppose 0 = -4*r - 2 + u. What is the remainder when 12 is divided by r?
5
Let u be 66/(2/(-1)) - -3. Let d = u - -58. Calculate the remainder when d is divided by 10.
8
Let n = 191 + -97. What is the remainder when n is divided by 19?
18
Let v(x) = 2*x**2 - 2*x + 7. Let q be v(6). Let g be ((-14)/(-4))/(4/(-48)). Let o = q + g. What is the remainder when o is divided by 9?
7
Suppose 0 = -3*z - 0*d - 4*d + 200, 0 = -3*z - 3*d + 198. Calculate the remainder when z is divided by 22.
20
Let s = -11 + 14. Suppose h - 5 = -s. Calculate the remainder when 3 is divided by h.
1
Suppose 3*b - n = 6, -b + n - 4*n + 2 = 0. Let l = 3 - b. Calculate the remainder when l is divided by (-20)/(-8)*1 + 6/(-4).
0
What is the remainder when (4/(-8))/((-1)/36) is divided by 10?
8
Let p(n) = 44*n**2 - 2*n - 1. Let s be 1*-3*(-8)/12. Calculate the remainder when p(-1) is divided by ((-23)/s)/((-4)/8).
22
Let l(c) = -20*c - 7. Let k = 2 + 5. What is the remainder when l(-1) is divided by k?
6
Suppose -2*r + 4*r = 36. Calculate the remainder when 35 is divided by (-4)/(-18) - (-212)/r.
11
Suppose -r = -0*r - 15. Suppose 214 = -12*p + 742. What is the remainder when p is divided by r?
14
Suppose 4*s = s - 396. Calculate the remainder when (1 + 0)/((-6)/s) is divided by 6.
4
What is the remainder when (-1)/(-2)*-2*(-305)/5 is divided by 13?
9
Let p be ((-5)/(-2))/(1/(-8)). Let a = 21 + -55. Let x = p - a. Calculate the remainder when 27 is divided by x.
13
Let l = 99 - 21. Let f = l + -31. Calculate the remainder when f is divided by 12.
11
Let o(m) = 55*m + 3. Calculate the remainder when o(1) is divided by 22.
14
Let r(x) = -3*x**3 + x**2. Let o be r(1). Calculate the remainder when 44 is divided by 212/14 + o/14.
14
Suppose -4*d - 3*w + w + 190 = 0, -60 = -d + 2*w. Let y = d - 34. Calculate the remainder when 47 is divided by y.
15
Suppose 3*x + 117 = 378. Let w = x + -51. Calculate the remainder when w is divided by 13.
10
Suppose -f = -3*f + 16. Let j(c) = -c**2 + 10*c - 6. Suppose 5*q + g - 112 - 78 = 0, 2*g = 3*q - 127. Calculate the remainder when q is divided by j(f).
9
Let y(o) = 7*o - 7. Let h = -6 - -11. What is the remainder when y(h) is divided by 15?
13
Let g = 349 + -248. What is the remainder when g is divided by 34?
33
Suppose 2*n = 21 + 75. Let o = -27 + 52. Calculate the remainder when n is divided by o.
23
Suppose -y + 0*y = -3*h - 113, 0 = 5*y - 10. Let t = -22 - h. Calculate the remainder when 43 is divided by t.
13
Suppose 24 = -4*x - 4*h + 84, -4 = -h. Calculate the remainder when 54 is divided by x.
10
Let z(a) = -3*a**3 - 3*a**2 + 3*a + 1. Calculate the remainder when z(-3) is divided by 12.
10
Let b(p) = p**3 + 6*p**2 - 5*p + 10. Let a be b(-7). Let z = 12 + a. What is the remainder when 14 is divided by z?
6
Let q = 21 - 13. Calculate the remainder when 22 is divided by q.
6
Calculate the remainder when 25 is divided by (-4*2)/(6/(-2*6)).
9
Suppose 5*n - 4*n - 37 = 0. What is the remainder when n is divided by ((-76)/2)/(-1 + -1)?
18
Let h = 35 + -21. Calculate the remainder when 39 is divided by h.
11
Let w(c) = c**3 + 8*c**2 - 5*c - 14. Calculate the remainder when 49 is divided by w(-8).
23
Let v(c) = 15*c - 3 + 3*c + 1 - 8. Calculate the remainder when v(4) is divided by 21.
20
Let a(p) = 2*p - 12. Let f be a(9). Suppose -b - 53 = 2*m - f*m, 3*b + 27 = m. Calculate the remainder when 1/(-3) - 103/(-3) is divided by m.
10
Let l(k) = -2*k**3 + 13*k**2 - 3*k + 4. Calculate the remainder when 63 is divided by l(6).
19
Let j(m) = -m + 1. Let g(z) = z + 2. Let b be g(-6). What is the remainder when 8 is divided by j(b)?
3
Calculate the remainder when (-5 - (-65)/10)*16 is divided by 13.
11
Suppose 4*m = -4 + 8. Suppose 0 = 4*p - 19 - m. What is the remainder when p is divided by 2?
1
Suppose b = 5*o - 20, -4*o + 10 = -3*b - 6. Calculate the re